2 + (-5)/(-15)). Let b(a) = c*r(a) + 4*n(a). Calculate b(9).
-2
Let w be 0 - (-9 + (-3 - -10)). Let n(m) = m**2 - 2*m - 1. Determine n(w).
-1
Let l(b) = -b + 16. Suppose 5*x = -j + 46, 2*j + 16 = 2*x - 0. Calculate l(x).
7
Let z(d) = -7*d**2 + 2*d + 3. Let o(x) = -12*x**2 + 2*x + 7. Let m(u) = -3*o(u) + 5*z(u). Give m(-5).
-1
Suppose 0 = 10*y - 368 + 348. Let c(k) be the third derivative of y*k**2 + 0 - 1/120*k**6 + 0*k + 0*k**4 - 1/3*k**3 - 1/20*k**5. What is c(-3)?
-2
Suppose 3*b - 4*u + 2 = 0, 3*b + 7*u - 2*u = 43. Let f(v) = -4*v + 14. Give f(b).
-10
Let i(y) be the third derivative of -y**6/15 + y**5/60 + 101*y**2. Let b be 1 - -2*1/1. Suppose b*f = -4 + 1. Give i(f).
9
Suppose 91 = 3*k - 107. Suppose 6*i + k = 9*i. Let w = i - 19. Let s(z) = -z**2 + 2*z + 2. Give s(w).
-1
Let c = 1 + 2. Let s(x) = x**2 + 613 - 613 - x. Let q(o) = 2*o**2 - 6*o + 2. Let z(y) = c*s(y) - q(y). Calculate z(-2).
-4
Let a(w) = 26*w**2 + 11*w + 10. Let h(d) = 30*d**2 + 9*d + 9. Let x(q) = 7*a(q) - 6*h(q). Determine x(-11).
5
Let j(r) = -r**3 + 5*r**2 + 7*r - 5. Suppose 2*i = -3*i. Let x(n) = n + 3. Let s be x(i). Suppose 5*q = -s*w + 8, 0 = 2*q - q + 2. Determine j(w).
1
Let k(w) = w**3 + 5*w**2 + 3*w - 4. Let f be 27/(-9) + 3*2. Suppose 0 = c - 4*c + 2*a - 14, 0 = -c + f*a - 7. Give k(c).
0
Let c(y) = y**3 - 5*y**2 - 9*y + 9. Suppose 3*o = -o - 4*f, 4*o - 5*f = 18. Suppose 5*q - 22 = -o*z, 27 = 3*z + 3*q + 3. Calculate c(z).
-9
Let x(n) = n**3 - n**2 + n - 1. Let q be 64/34 + 14/119. Suppose i + q = 3. Calculate x(i).
0
Let k = 13442 - 13442. Let f(c) = c**3 - c**2 - 1. Let t(s) = 2*s**3 - 4*s**2 + 13. Let i(o) = -3*f(o) + t(o). Determine i(k).
16
Let o = -156 + 50. Let t = o + 106. Let w(y) = -y**2 - y + 5. What is w(t)?
5
Let l be 2/4 - (-6)/4. Let t(c) be the second derivative of -c**6/120 + c**5/20 - 10*c**2 - 3*c. Let w(i) be the first derivative of t(i). What is w(l)?
4
Suppose 3 = -5*s + 8. Let f(u) = 10*u + 1. Give f(s).
11
Suppose 0*b - 3*b - 4*a - 26 = 0, -4*b = -3*a - 7. Let r(h) = h + 5. Let q(p) = 2. Let i(j) = -10*q(j) + 4*r(j). Give i(b).
-8
Let j(w) be the third derivative of 0*w + 1/15*w**5 + 1/3*w**3 - 3*w**2 - 1/120*w**6 + 0 - 1/24*w**4. Calculate j(2).
8
Let c be (-7 + 3)/(-4) + 7. Suppose c = 2*r - 2. Let b(j) = j**3 - 4*j**2 - 6*j - 1. Give b(r).
-6
Let k be (-34)/6 + (-3)/9. Let r(x) = 2*x + 26. Let d(b) = -11*b - 96. Let t(c) = -d(c) - 4*r(c). Determine t(k).
-26
Let s(m) = m - 1. Let l(u) = -7*u**2 + 6*u - 15. Let f(q) = -3*q**2 + 3*q - 7. Let n(i) = -5*f(i) + 2*l(i). Let c(h) = -n(h) - 5*s(h). Calculate c(-3).
-3
Let k(o) = 2*o - o + 4 + o. Let h = -117 - -83. Let z be (-1)/2 + (h/(-4) - 3). Calculate k(z).
14
Let j(o) be the first derivative of -o**3/3 - o**2 - o + 1. Let z be 26/2 + (-12)/(0 - -3). Let n be (12/z + 2)*(-60)/50. What is j(n)?
-9
Let r = 3 - 3. Let i(n) = 3*n**3 + n**2 + 1. Let h(l) = -16*l**3 - 4*l**2. Let c(y) = h(y) + 5*i(y). Determine c(r).
5
Let w(z) = -3*z - 7*z**2 + 24*z - 21*z. Determine w(1).
-7
Let k(z) = -5*z**2 + 26*z - 8. Let a(b) = -27*b**2 + 133*b - 41. Let o(g) = -2*a(g) + 11*k(g). What is o(20)?
-6
Suppose -14*q + 90 = q. Let b(m) = -2*m + 17. Calculate b(q).
5
Suppose 0 = -5*h + 2*h + 4*m + 40, -3*h = -m - 37. Let f = h - 12. Let s(y) = -y**2 - y + 14. What is s(f)?
14
Let s(u) = 2 - 5*u**2 + u + 14*u**2 + 4*u + 4*u - 8*u**2. Give s(-8).
-6
Let g(d) be the second derivative of -d**3/2 + d**2/2 + 11*d + 3. What is g(-1)?
4
Let l be 2*3/(-2)*(-16)/(-24). Let z be 1 + (30/(-4) - 3/l). Let j(a) = -a - 1. Calculate j(z).
4
Let w(j) = -5*j**3 + 5 - 2 + 4*j**3 - 5*j**2 - 75*j + 76*j + 6. What is w(-5)?
4
Suppose l + 18 = -2*w, -3 = 2*w - w - l. Let j(m) = 3*m - 3. Let z(p) = 8*p - 10. Let k be (-1)/4 + (-9)/(-4). Let x(q) = k*z(q) + w*j(q). Determine x(-1).
6
Suppose 3 = 5*q + 8. Let a(y) = -18 + 7 - 2*y**2 + 2*y + 6 - 5*y**2 + 6. Calculate a(q).
-8
Let x(z) = -3*z - 8. Let d be (-3)/6*-16 + 2. Suppose 0*n + 6 = -2*c - 3*n, 4*c + 5*n + d = 0. Let f = -6 - c. Calculate x(f).
10
Let q(r) = 11*r - 4. Let p be q(2). Suppose -5*v = -3*j, 4*v + 5*j + p = -19. Let z(s) = -s**3 - 5*s**2 - 2*s + 4. Calculate z(v).
-8
Let z(k) = -k**2 + 4*k. Suppose r - 5 = -2*u - 1, -u + r + 2 = 0. Suppose 3 = -y + 3*m, 3*y - 1 - u = 5*m. Calculate z(y).
-12
Let s(i) = -3*i - 1. Let h(b) = -b**2 - 2*b + 14. Let x be h(-6). Suppose 51 = 5*t - 4. Let r = x + t. Calculate s(r).
-4
Let a be (-10)/45 + 58/18. Let f(r) = -4*r**2 + r + 0*r + 13 + 2*r. Let m(i) = 3*i**2 - 4*i - 12. Let b(q) = a*m(q) + 2*f(q). Give b(8).
6
Let m(r) = -7*r + 2. Suppose -3*v = 3*v - 6. Let h(c) = c - 1. Let u(g) = v*m(g) + h(g). Determine u(-1).
7
Let m(g) = g**3 + 3*g**2 - 8*g - 6. Let c(z) = -z**3 - 13*z**2 + 34*z + 55. Let t be c(-15). Calculate m(t).
-16
Let z = -52 - -58. Let i(c) = c - 6 + 12 - z. Determine i(6).
6
Suppose -v + 3 = -4*x + 16, -x - 2*v - 8 = 0. Let a(y) = -1 + 0 + 0*y**3 - y**3 - 6*y + 7*y + y**x. What is a(2)?
-3
Suppose 22*s + 53 = 207. Let p(v) be the second derivative of -2*v + 0 + 1/12*v**4 - 4/3*v**3 + 9/2*v**2. Determine p(s).
2
Let l(y) = -y + 3. Let c be l(0). Let a(b) = -70*b + 4. Let v(m) = -92*m + 5. Let g(k) = 4*a(k) - 3*v(k). What is g(c)?
-11
Suppose -49 = 13*w - 101. Let d(s) be the third derivative of 8*s**2 + 0 + 0*s + 1/12*s**w + 4/3*s**3. Give d(-6).
-4
Let k = -8 - -16. Let d(n) = -7*n + 22. Let o(f) = -f + 3. Let z(r) = -d(r) + 4*o(r). Calculate z(k).
14
Let m(n) be the third derivative of n**4/24 + n**3/6 - 234*n**2. Determine m(5).
6
Let a(t) = -2*t - 1 - 2 + 7*t - t**2 - 2*t. Suppose 2*b + 4*l = 14, 3*l = b + l + 1. What is a(b)?
-3
Let y = 39 + -35. Let j(d) be the third derivative of d**4/4 + d**3/6 + 2*d**2. Let a(q) = 6*q + 1. Let o(n) = y*j(n) - 5*a(n). Determine o(1).
-7
Let s be 25/(-10) + 1/2. Let i(g) = 4*g + 633*g**3 - 1267*g**3 + 635*g**3 + 3 + 4*g**2. Determine i(s).
3
Let f(m) = m**2 + 1. Let k(b) = -14*b**2 - 4. Let i(d) = 3*f(d) + k(d). Let r(w) = -w**3 - 9*w**2 + 16*w + 145. Let x be r(-9). Determine i(x).
-12
Let b(w) = w**3 - 931*w**2 + 1857*w**2 - 12 + 10*w - w - 933*w**2. What is b(6)?
6
Let u(k) be the first derivative of -3*k**2/2 + k + 415. Calculate u(-1).
4
Let i(j) = -j**2. Let h(a) = -5*a**2 - 6*a + 4. Let t(m) = h(m) - 6*i(m). What is t(4)?
-4
Let o(i) = i**2 + 5*i + 3. Let d = -48 + 23. Let h = 21 + d. Calculate o(h).
-1
Let b(i) = 2*i**2 + 36*i - 29. Let h be b(-19). Suppose -2*l = 3*o - 14, -4*o - 2*l = -7*l + 12. Let j(w) = 4 - w + o*w - 2*w. Determine j(h).
-5
Let p(u) = -131 - 7*u + 257 - 130. What is p(-4)?
24
Let q(v) = -v**2 + 29*v - 136. Let d be q(23). Let c(t) be the second derivative of -2*t - 1/3*t**4 - 1/2*t**d + 0*t**3 + 0. Determine c(-1).
-5
Let c(p) be the third derivative of p**4/24 - 2*p**3 + 56*p**2. Calculate c(7).
-5
Let k(i) = -433*i + 1 + 215*i + 1 + 217*i. Let s(u) = u + 1. Let o be s(5). Let l = 11 - o. What is k(l)?
-3
Let o(x) be the second derivative of -x**4/6 - x**3/3 + x**2/2 - 2*x. Let s(t) = 3*t**3 - 35*t**2 + 56*t - 58. Let p be s(10). Determine o(p).
-11
Let p(f) = f**3 + 3*f**2 - 3*f + 1. Suppose 100 = 5*d - 5*z, d + 12 = -z + 38. Suppose -7 = -4*l - d. Give p(l).
-3
Suppose 0*d + 5*g = -4*d - 36, -3*d - g = 38. Let n = d + 20. Suppose o - 6 = -3*w, n = -2*o - o - 3*w. Let x(i) = i**3 + 7*i**2 + 4*i - 4. What is x(o)?
8
Let i(g) = g**3 + 9*g**2 + 9*g - 7. Let d = 331 + -339. Calculate i(d).
-15
Let r(n) = 2*n**3 - 3*n**2 + 3*n - 2. Suppose 3*v = -1 + 100. Let w = v + -7. Let q be w/12 + (-1)/6. Calculate r(q).
8
Let u(w) be the first derivative of -w**7/840 + w**6/120 + w**5/40 + 5*w**4/24 - 2*w**3 + 10. Let t(b) be the third derivative of u(b). Calculate t(4).
1
Suppose -369*r = -364*r + 10. Let j(t) = 4*t - 7*t + 1 - 6*t. Calculate j(r).
19
Suppose 5*m + 5*o + 9 = 2*m, -5 = -m + o. Suppose 4*d - 5*p = 8, -p - 4 - 6 = -5*d. Let r(w) = -m - w**d - w - w - 3*w. Give r(-6).
-8
Let f(u) = -4*u - 12. Let i(b) = 3*b + 10. Let s(n) = 2*f(n) + 3*i(n). Give s(-3).
3
Suppose -10*o = -7*o - 21. Let v(l) = 3*l**2 - o*l + l**2 - 1 - 5*l**2 + 16*l. Give v(8).
7
Let i(q) = q**3 - 4*q**2 - 2. Let y be i(4). Let b(d) = 2*d**3 + 3*d**2 + 2*d + 1. Give b(y).
-7
Let q(v) = -v**2 - 4*v + 19. Let r = -85 + 77. Determine q(r).
-13
Let w be 2928/(-432) - 2/9. Let x(d